65
Let g(l) = -3*l**3 - 209*l**2 + 72*l + 129. Calculate g(-70).
-11
Let o(t) = -t**2 + 407*t + 29093. Determine o(469).
15
Let s(z) = -5*z**3 - 83*z**2 + 75*z + 1754. Calculate s(-16).
-214
Let l(q) = 3*q**2 - 9869*q + 78916. Give l(8).
156
Let r(o) = 417*o**2 - 23354*o + 74. Give r(56).
-38
Let g(i) = 9105*i - 18331. Give g(2).
-121
Let w(c) = -8386*c + 670857. Calculate w(80).
-23
Let v(y) = -y**3 + 8*y**2 + 5*y - 88. Determine v(-8).
896
Let d(y) = -y**3 + 818*y**2 + 15021*y - 489. Determine d(-18).
-3
Let r(y) = y**3 + 61*y**2 - 166*y + 19. Determine r(-63).
2539
Let n(p) = -17697*p - 123877. Determine n(-7).
2
Let x(p) = -30*p**2 - 5667*p + 332590. Give x(47).
-29
Let c(k) = -k**2 + 121019*k + 847226. Calculate c(-7).
44
Let h(n) = n**3 + 3*n**2 - 2712*n - 10815. Determine h(-4).
17
Let v(s) = -3*s - 447. Calculate v(-156).
21
Let z(y) = 2*y**2 + 92*y + 443. Calculate z(-42).
107
Let q(g) = 1260*g**3 + 8822*g**2 + 174*g + 1126. Give q(-7).
6
Let s(y) = -3*y**2 + 4279*y + 576728. Calculate s(-124).
4
Let v(x) = -4*x**3 + 10*x**2 + 111*x - 715. Determine v(5).
-410
Let t(y) = 1307*y + 14791. What is t(-11)?
414
Let j(y) = 4*y**2 - 307*y - 3427. Give j(-10).
43
Let z(g) = 2*g**2 + 628*g + 8525. Calculate z(-14).
125
Let k(z) = 9*z**2 + 343*z - 23961. Calculate k(-74).
-59
Let g(f) = -3*f**3 + 105*f**2 + 343*f - 22. Give g(38).
16
Let r(d) = -d**3 - 149*d**2 - 482*d - 49474. Determine r(-148).
-42
Let a(g) = -g**3 + 10*g**2 + 105*g + 559. Calculate a(-8).
871
Let x(l) = 536326*l + 5899583. Calculate x(-11).
-3
Let j(g) = -g**2 - 147*g + 246104. What is j(-575)?
4
Let b(f) = 25*f**2 + 349*f - 197. Determine b(-13).
-509
Let r(h) = -2*h**3 + 71*h**2 - 177*h + 417. Determine r(33).
21
Let h(q) = 46*q**2 - 13160*q + 1046. Determine h(286).
-98
Let u(z) = -146*z**2 + 680*z - 336. What is u(4)?
48
Let g(x) = -858*x**2 + 3416*x + 64. Give g(4).
0
Let y(b) = 3878*b - 1430992. Give y(369).
-10
Let l(a) = a**3 - a**2 + 5513*a - 22080. What is l(4)?
20
Let i(d) = 57*d**2 + 25*d - 131. Determine i(-7).
2487
Let m(u) = -10355*u + 621297. What is m(60)?
-3
Let w(c) = -224*c**2 + 20164*c - 435. What is w(90)?
-75
Let y(l) = 6998*l + 118952. Give y(-17).
-14
Let b(m) = m**3 + 22*m**2 - 68*m - 1040. Calculate b(-23).
-5
Let i(w) = w**3 + 72*w**2 + 207*w - 137. Give i(-69).
-137
Let q(x) = 12776*x + 114931. What is q(-9)?
-53
Let y(j) = 4963*j - 357303. Give y(72).
33
Let s(j) = 272*j + 5363. Calculate s(-20).
-77
Let f(m) = 2*m**2 - 837*m + 9844. Give f(12).
88
Let z(y) = -y**2 - 108*y + 3796. Determine z(27).
151
Let a(u) = -u**3 + 26*u**2 - 273*u + 5490. Give a(24).
90
Let d(n) = 2*n**3 - 9*n**2 + 355*n - 3922. Determine d(9).
2
Let w(t) = 8*t**2 + 314*t - 3960. Calculate w(10).
-20
Let f(y) = -22*y**2 + 195*y + 320. Give f(-2).
-158
Let z(b) = -b**3 - 14*b**2 - 167*b - 1058. Give z(-13).
944
Let v(y) = 2*y**2 + 1581*y + 24829. What is v(-16)?
45
Let y(u) = 237*u + 42659. Determine y(-180).
-1
Let y(k) = -72*k**2 - 458*k - 71. Give y(-7).
-393
Let s(g) = 5*g**3 + 48*g**2 + 47*g - 104. What is s(-4)?
156
Let o(y) = 2*y**3 - 517*y**2 + 262*y - 1015. Calculate o(258).
17
Let k(n) = 2*n**3 - n**2 - 30*n - 30. Calculate k(-7).
-555
Let q(s) = -s**3 + 218*s**2 - 10578*s - 1018. What is q(145)?
-3
Let n(o) = -32740*o - 261916. Determine n(-8).
4
Let c(d) = d**3 + 134*d**2 + 138*d + 384. Determine c(-133).
-281
Let z(i) = 2*i**2 + 37041*i - 593192. Give z(16).
-24
Let a(s) = -36642*s - 769466. Determine a(-21).
16
Let q(k) = -k**2 - 5101*k - 177132. What is q(-35)?
178
Let z(l) = 9*l**3 + 131*l**2 + 427*l - 34. Determine z(-10).
-204
Let d(j) = -49*j + 407. Determine d(8).
15
Let g(q) = 3*q**2 - 785*q - 74514. Give g(-74).
4
Let q(s) = 245*s**2 - 20822*s + 37. Calculate q(85).
292
Let d(y) = -1365653*y + 9559561. Determine d(7).
-10
Let g(o) = -6*o**3 + 97*o**2 + 30*o - 690. Calculate g(16).
46
Let l(y) = -3*y**2 - 133*y - 1379. Determine l(-28).
-7
Let t(b) = 2904*b + 200402. What is t(-69)?
26
Let m(z) = 4*z**3 - 272*z**2 - 267*z + 270. Calculate m(69).
891
Let r(b) = 16*b**3 + 942*b**2 - 108*b + 595. What is r(-59)?
5
Let x(k) = 16125*k**2 + 112975*k - 3. Calculate x(-7).
-703
Let y(n) = -794*n + 6341. What is y(9)?
-805
Let r(s) = 61937*s + 742988. Determine r(-12).
-256
Let r(n) = -916*n - 4721. What is r(-5)?
-141
Let w(d) = -15614*d - 265398. Determine w(-17).
40
Let d(w) = -29*w**3 + 5827*w**2 + 405*w - 601. Determine d(201).
2
Let q(p) = -9*p**2 - 54624*p + 109254. Calculate q(2).
-30
Let f(o) = -17*o**2 + 4447*o - 17518. Give f(4).
-2
Let q(o) = 174109*o - 1044692. Calculate q(6).
-38
Let f(l) = -35918*l**2 + 71923*l - 169. Determine f(2).
5
Let q(k) = -7*k**3 - 533*k**2 + 812*k + 67502. Calculate q(-76).
14
Let m(p) = p**3 - 163*p**2 + 7268*p - 1289158. Determine m(166).
-2
Let p(v) = -938*v**2 - 8505*v + 1. Determine p(-9).
568
Let k(q) = 530*q - 26652. Give k(49).
-682
Let p(c) = 46*c**3 - 382*c**2 + 78*c + 239. Give p(8).
-33
Let j(t) = 3*t**2 - 615*t - 21299. What is j(-30)?
-149
Let b(k) = -3*k**2 - 878*k + 177166. What is b(-430)?
6
Let s(l) = 5*l**2 - 1483*l + 9465. What is s(290)?
-105
Let l(a) = -a**3 - 226*a**2 - 10112*a + 25585. What is l(-163)?
-6
Let u(f) = f**2 - 17*f - 227. Determine u(-24).
757
Let q(n) = 5101*n + 224011. Determine q(-44).
-433
Let u(m) = -3*m**2 - 39926*m - 39928. Determine u(-1).
-5
Let z(q) = q**3 - 110*q**2 + 513*q - 211. What is z(4)?
145
Let g(y) = 2*y**2 + 167972*y - 1007903. Give g(6).
1
Let y(h) = -4*h**2 - 15893*h - 253168. Give y(-16).
96
Let n(u) = 10*u**2 - 2833*u + 95802. What is n(244)?
-90
Let b(l) = 4*l**3 + 87*l**2 - 1328*l - 540. Calculate b(-32).
-28
Let l(j) = -31242*j - 20. Calculate l(0).
-20
Let b(o) = -4397*o**2 - 30770*o + 60. What is b(-7)?
-3
Let b(d) = -3*d**3 - 6*d**2 - 22*d - 124. Determine b(-5).
211
Let s(w) = 199*w - 651. Determine s(0).
-651
Let g(r) = -2*r**3 - 42*r**2 + 80*r + 3236. Calculate g(-10).
236
Let c(u) = 6739*u - 929983. What is c(138)?
-1
Let k(d) = d**2 - 436*d - 52730. What is k(535)?
235
Let k(a) = a**3 - 108*a**2 + 2487*a - 933. Give k(75).
-33
Let i(s) = 16*s**2 - 912*s - 3967. Determine i(-4).
-63
Let u(r) = -82*r**2 + 88863*r + 27109. What is u(1084)?
9
Let p(k) = -3*k**3 - 391*k**2 + 4206*k + 516657. Calculate p(-131).
-7
Let a(o) = -10*o + 439. Give a(-4).
479
Let a(u) = -92*u**2 + 581*u + 1469. Calculate a(8).
229
Let x(g) = -g**3 - 33*g**2 + 1589*g + 875. Determine x(27).
38
Let q(b) = -b**2 + 968*b + 232239. Calculate q(-199).
6
Let f(g) = 28*g**2 + 532*g + 1935. Determine f(-5).
-25
Let h(j) = j**2 + 243*j + 6263. Give h(-29).
57
Let m(s) = -3*s**3 + 7*s**2 - 207*s - 1167. Give m(-5).
418
Let f(u) = 2*u**3 + 15*u**2 - 516*u + 502. Give f(1).
3
Let r(o) = -o**2 - 13400*o - 720678. Give r(-54).
6
Let i(v) = -24*v**3 + 46*v**2 - 13*v + 28. What is i(2)?
-6
Let m(n) = 115909*n + 2086362. Determine m(-18).
0
Let b(y) = y**2 + 19349*y + 105. Give b(0).
105
Let i(n) = -47638*n - 285841. Calculate i(-6).
-13
Let f(u) = -7*u**3 + 13*u**2 + 149*u + 333. Determine f(-3).
192
Let d(z) = -272*z**2 + 3843*z - 501. Give d(14).
-11
Let p(x) = x**3 + 16*x**2 - 2*x - 38. What is p(-8)?
490
Let f(x) = 19*x**2 - 943*x + 4996. Give f(6).
22
Let z(y) = -4*y**3 + 28*y**2 + 171*y + 100. Give z(11).
45
Let a(j) = -j**3 - 11*j**2 - 3*j - 6. Give a(0).
-6
Let a(n) = -n**3 + 164*n**2 - 952*n + 669. Calculate a(158).
37
Let x(s) = 18*s**2 - 1054*s + 1534. Calculate x(57).
-62
Let i(r) = 218*r + 3495. Give i(-16).
7
Let a(o) = 2*o**3 + 235*o**2 + 131*o - 337. Give a(-117).
-1975
Let x(u) = u**2 + 1306*u - 479892. Determine x(299).
3
Let j(n) = n**3 - 42*n**2 - 117*n + 1282. What is j(44)?
6
Let u(v) = 5854*v - 48790. What is u(8)?
-1958
Let v(k) = k**2 - 3838*k + 362871. Calculate v(97).
-6
Let l(t) = t**3 + 58*t**2 + 189*t + 7509. Calculate l(-57).
-15
Let f(g) = -34742*g + 173404. What is f(5)?
-306
Let a(s) = -87*s**2 + 72*s + 6393. Give a(9).
-6
Let z(m) = -9184*m + 247927. What is z(27)?
-41
Let a(i) = -312*i + 6342. Determine a(25).
-1458
Let h(a) = -a**3 + 40*a**2 + 84*a - 6106. Give h(38).
-26
Let n(u) = 37*u**2 - 108*u - 270. What is n(-2)?
94
Let d(a) = a**2 + 632*a + 21006. What is d(-35)?
111
Let s(b) = -5*b**3 + 4*b**2 - 206*b + 609. What is s(3)?
-108
Let b(w) = 451*w + 